{"id":1061,"date":"2024-04-03T13:49:02","date_gmt":"2024-04-03T16:49:02","guid":{"rendered":"https:\/\/locmasterconstrucao.com.br\/?post_type=product&#038;p=1061"},"modified":"2026-04-20T17:47:39","modified_gmt":"2026-04-20T20:47:39","slug":"armario-munique-1162cm-nogal","status":"publish","type":"product","link":"https:\/\/locmasterconstrucao.com.br\/index.php\/produto\/armario-munique-1162cm-nogal\/","title":{"rendered":"ARMARIO VALENZA 154,2CM NO 560229"},"content":{"rendered":"<h4>Descri\u00e7\u00e3o t\u00e9cnica:<\/h4>\n<p>Com design elegante os arm\u00e1rios da Linha Valenza aliam beleza e qualidade.<\/p>\n<p>Possuem gavetas e portas embutidas, com laterais de espessura maior, passando a sensa\u00e7\u00e3o de arm\u00e1rio planejado. Sua estrutura refor\u00e7ada em madeira de reflorestamento pr\u00f3prio deixa o arm\u00e1rio muito mais resistente e dur\u00e1vel.<\/p>\n<p>\u00c9 composto por duas gavetas e um gavet\u00e3o, que facilita a organiza\u00e7\u00e3o e armazenamento de utens\u00edlios maiores.<\/p>\n<ul>\n<li>Estrutura refor\u00e7ada com madeira de reflorestamento pr\u00f3prio;<\/li>\n<li>Frente de portas e gavetas em MDP \u2013 BP amadeirado e texturizado;<\/li>\n<li>Maior espa\u00e7o interno;<\/li>\n<li>Prateleira interna;<\/li>\n<li>Corredi\u00e7a telesc\u00f3pica, que proporciona total abertura das gavetas;<\/li>\n<li>Puxador Linear cromado. Cal\u00e7o e dobradi\u00e7a de metal;<\/li>\n<\/ul>\n<p>Enviado pr\u00e9-montado, necessitando apenas rosquear os p\u00e9s e parafusar moldura inferior e puxadores.<\/p>\n<p>Comprimento: 154.2 cm<br \/>\nAltura: 82 cm<br \/>\nLargura: 51 cm<\/p>\n<p><strong>OBS.:<\/strong> Arm\u00e1rio n\u00e3o acompanha pia.<\/p>\n","protected":false},"excerpt":{"rendered":"<p>Descri\u00e7\u00e3o t\u00e9cnica: Com design elegante os arm\u00e1rios da Linha Valenza aliam beleza e qualidade. Possuem gavetas e portas embutidas, com [&hellip;]<\/p>\n","protected":false},"featured_media":1065,"template":"","meta":{"site-sidebar-layout":"default","site-content-layout":"","ast-site-content-layout":"default","site-content-style":"default","site-sidebar-style":"default","ast-global-header-display":"","ast-banner-title-visibility":"","ast-main-header-display":"","ast-hfb-above-header-display":"","ast-hfb-below-header-display":"","ast-hfb-mobile-header-display":"","site-post-title":"","ast-breadcrumbs-content":"","ast-featured-img":"","footer-sml-layout":"","theme-transparent-header-meta":"","adv-header-id-meta":"","stick-header-meta":"","header-above-stick-meta":"","header-main-stick-meta":"","header-below-stick-meta":"","astra-migrate-meta-layouts":"default","ast-page-background-enabled":"default","ast-page-background-meta":{"desktop":{"background-color":"var(--ast-global-color-5)","background-image":"","background-repeat":"repeat","background-position":"center center","background-size":"auto","background-attachment":"scroll","background-type":"","background-media":"","overlay-type":"","overlay-color":"","overlay-opacity":"","overlay-gradient":""},"tablet":{"background-color":"","background-image":"","background-repeat":"repeat","background-position":"center center","background-size":"auto","background-attachment":"scroll","background-type":"","background-media":"","overlay-type":"","overlay-color":"","overlay-opacity":"","overlay-gradient":""},"mobile":{"background-color":"","background-image":"","background-repeat":"repeat","background-position":"center center","background-size":"auto","background-attachment":"scroll","background-type":"","background-media":"","overlay-type":"","overlay-color":"","overlay-opacity":"","overlay-gradient":""}},"ast-content-background-meta":{"desktop":{"background-color":"var(--ast-global-color-4)","background-image":"","background-repeat":"repeat","background-position":"center center","background-size":"auto","background-attachment":"scroll","background-type":"","background-media":"","overlay-type":"","overlay-color":"","overlay-opacity":"","overlay-gradient":""},"tablet":{"background-color":"var(--ast-global-color-4)","background-image":"","background-repeat":"repeat","background-position":"center center","background-size":"auto","background-attachment":"scroll","background-type":"","background-media":"","overlay-type":"","overlay-color":"","overlay-opacity":"","overlay-gradient":""},"mobile":{"background-color":"var(--ast-global-color-4)","background-image":"","background-repeat":"repeat","background-position":"center center","background-size":"auto","background-attachment":"scroll","background-type":"","background-media":"","overlay-type":"","overlay-color":"","overlay-opacity":"","overlay-gradient":""}},"_joinchat":[]},"product_brand":[],"product_cat":[140,37],"product_tag":[],"class_list":{"0":"post-1061","1":"product","2":"type-product","3":"status-publish","4":"has-post-thumbnail","6":"product_cat-cozinhas","7":"product_cat-cozinhas-e-banheiros","8":"desktop-align-left","9":"tablet-align-left","10":"mobile-align-left","12":"first","13":"instock","14":"shipping-taxable","15":"product-type-simple"},"jetpack_sharing_enabled":true,"_links":{"self":[{"href":"https:\/\/locmasterconstrucao.com.br\/index.php\/wp-json\/wp\/v2\/product\/1061","targetHints":{"allow":["GET"]}}],"collection":[{"href":"https:\/\/locmasterconstrucao.com.br\/index.php\/wp-json\/wp\/v2\/product"}],"about":[{"href":"https:\/\/locmasterconstrucao.com.br\/index.php\/wp-json\/wp\/v2\/types\/product"}],"wp:featuredmedia":[{"embeddable":true,"href":"https:\/\/locmasterconstrucao.com.br\/index.php\/wp-json\/wp\/v2\/media\/1065"}],"wp:attachment":[{"href":"https:\/\/locmasterconstrucao.com.br\/index.php\/wp-json\/wp\/v2\/media?parent=1061"}],"wp:term":[{"taxonomy":"product_brand","embeddable":true,"href":"https:\/\/locmasterconstrucao.com.br\/index.php\/wp-json\/wp\/v2\/product_brand?post=1061"},{"taxonomy":"product_cat","embeddable":true,"href":"https:\/\/locmasterconstrucao.com.br\/index.php\/wp-json\/wp\/v2\/product_cat?post=1061"},{"taxonomy":"product_tag","embeddable":true,"href":"https:\/\/locmasterconstrucao.com.br\/index.php\/wp-json\/wp\/v2\/product_tag?post=1061"}],"curies":[{"name":"wp","href":"https:\/\/api.w.org\/{rel}","templated":true}]}}