{"id":757,"date":"2024-03-06T15:09:06","date_gmt":"2024-03-06T18:09:06","guid":{"rendered":"https:\/\/locmasterconstrucao.com.br\/?post_type=product&#038;p=757"},"modified":"2025-03-21T15:36:35","modified_gmt":"2025-03-21T18:36:35","slug":"nova-cor-piso-premium-mais-resistente-900ml-vermelho-seguranca-copia","status":"publish","type":"product","link":"https:\/\/locmasterconstrucao.com.br\/index.php\/produto\/nova-cor-piso-premium-mais-resistente-900ml-vermelho-seguranca-copia\/","title":{"rendered":"NOVA COR PISO PREMIUM &#8211; MAIS RESISTENTE 900ML &#8211; BRANCO"},"content":{"rendered":"<p>Tinta \u00e0 base de resina acr\u00edlica para pisos cimentados, mesmo que j\u00e1 tenham sido pintados anteriormente. Indicada para quadras poliesportivas, demarca\u00e7\u00e3o de garagens, pisos comerciais, \u00e1reas de recrea\u00e7\u00e3o e etc. Com maior cobertura e resist\u00eancia. Por isso, \u00e9 muito resistente ao tr\u00e1fego de pessoas, carros e intemp\u00e9ries, quando aplicada sobre superf\u00edcies corretamente preparadas e conservadas.<\/p>\n<h2>Atributos<\/h2>\n<ul class=\"list-benefits\">\n<li><i class=\"fa fa-check\"><\/i>Mais Resistente<\/li>\n<li><i class=\"fa fa-check\"><\/i>Mais Cobertura<\/li>\n<li><i class=\"fa fa-check\"><\/i>Tinta N\u00ba 1 em Piso<\/li>\n<\/ul>\n<ul class=\"list-benefits\">\n<li><strong>Ambiente:\u00a0<\/strong>Exterior e interior<\/li>\n<li><strong>Acabamento:<\/strong>\u00a0Fosco<\/li>\n<li><strong>Secagem: <\/strong><span class=\"container-data\">Ao Toque: 1 hora<br \/>\nEntre Dem\u00e3os: 2 a 4 horas<br \/>\nFinal: 12 horas<br \/>\nDeve-se esperar pelo menos 48 horas ap\u00f3s a pintura, para permitir o Tr\u00e1fego de pessoas, e 72 horas para ve\u00edculos.<\/span><\/li>\n<li><strong>Aplica\u00e7\u00e3o:<\/strong><span class=\"container-data\">Rolo de l\u00e3 e pincel<br \/>\nPistola e airless<\/span><\/li>\n<li><strong>Dem\u00e3os:<\/strong>\u00a02 a 3<\/li>\n<\/ul>\n","protected":false},"excerpt":{"rendered":"<p>Tinta \u00e0 base de resina acr\u00edlica para pisos cimentados, mesmo que j\u00e1 tenham sido pintados anteriormente. Indicada para quadras poliesportivas, [&hellip;]<\/p>\n","protected":false},"featured_media":758,"template":"","meta":{"site-sidebar-layout":"default","site-content-layout":"","ast-site-content-layout":"default","site-content-style":"default","site-sidebar-style":"default","ast-global-header-display":"","ast-banner-title-visibility":"","ast-main-header-display":"","ast-hfb-above-header-display":"","ast-hfb-below-header-display":"","ast-hfb-mobile-header-display":"","site-post-title":"","ast-breadcrumbs-content":"","ast-featured-img":"","footer-sml-layout":"","theme-transparent-header-meta":"","adv-header-id-meta":"","stick-header-meta":"","header-above-stick-meta":"","header-main-stick-meta":"","header-below-stick-meta":"","astra-migrate-meta-layouts":"default","ast-page-background-enabled":"default","ast-page-background-meta":{"desktop":{"background-color":"var(--ast-global-color-5)","background-image":"","background-repeat":"repeat","background-position":"center center","background-size":"auto","background-attachment":"scroll","background-type":"","background-media":"","overlay-type":"","overlay-color":"","overlay-opacity":"","overlay-gradient":""},"tablet":{"background-color":"","background-image":"","background-repeat":"repeat","background-position":"center center","background-size":"auto","background-attachment":"scroll","background-type":"","background-media":"","overlay-type":"","overlay-color":"","overlay-opacity":"","overlay-gradient":""},"mobile":{"background-color":"","background-image":"","background-repeat":"repeat","background-position":"center center","background-size":"auto","background-attachment":"scroll","background-type":"","background-media":"","overlay-type":"","overlay-color":"","overlay-opacity":"","overlay-gradient":""}},"ast-content-background-meta":{"desktop":{"background-color":"var(--ast-global-color-4)","background-image":"","background-repeat":"repeat","background-position":"center center","background-size":"auto","background-attachment":"scroll","background-type":"","background-media":"","overlay-type":"","overlay-color":"","overlay-opacity":"","overlay-gradient":""},"tablet":{"background-color":"var(--ast-global-color-4)","background-image":"","background-repeat":"repeat","background-position":"center center","background-size":"auto","background-attachment":"scroll","background-type":"","background-media":"","overlay-type":"","overlay-color":"","overlay-opacity":"","overlay-gradient":""},"mobile":{"background-color":"var(--ast-global-color-4)","background-image":"","background-repeat":"repeat","background-position":"center center","background-size":"auto","background-attachment":"scroll","background-type":"","background-media":"","overlay-type":"","overlay-color":"","overlay-opacity":"","overlay-gradient":""}},"_joinchat":[]},"product_brand":[],"product_cat":[40],"product_tag":[],"class_list":{"0":"post-757","1":"product","2":"type-product","3":"status-publish","4":"has-post-thumbnail","6":"product_cat-tintas","7":"desktop-align-left","8":"tablet-align-left","9":"mobile-align-left","11":"first","12":"instock","13":"shipping-taxable","14":"product-type-simple"},"jetpack_sharing_enabled":true,"_links":{"self":[{"href":"https:\/\/locmasterconstrucao.com.br\/index.php\/wp-json\/wp\/v2\/product\/757","targetHints":{"allow":["GET"]}}],"collection":[{"href":"https:\/\/locmasterconstrucao.com.br\/index.php\/wp-json\/wp\/v2\/product"}],"about":[{"href":"https:\/\/locmasterconstrucao.com.br\/index.php\/wp-json\/wp\/v2\/types\/product"}],"wp:featuredmedia":[{"embeddable":true,"href":"https:\/\/locmasterconstrucao.com.br\/index.php\/wp-json\/wp\/v2\/media\/758"}],"wp:attachment":[{"href":"https:\/\/locmasterconstrucao.com.br\/index.php\/wp-json\/wp\/v2\/media?parent=757"}],"wp:term":[{"taxonomy":"product_brand","embeddable":true,"href":"https:\/\/locmasterconstrucao.com.br\/index.php\/wp-json\/wp\/v2\/product_brand?post=757"},{"taxonomy":"product_cat","embeddable":true,"href":"https:\/\/locmasterconstrucao.com.br\/index.php\/wp-json\/wp\/v2\/product_cat?post=757"},{"taxonomy":"product_tag","embeddable":true,"href":"https:\/\/locmasterconstrucao.com.br\/index.php\/wp-json\/wp\/v2\/product_tag?post=757"}],"curies":[{"name":"wp","href":"https:\/\/api.w.org\/{rel}","templated":true}]}}